886, 3*i - 5*q = 5724 + 1156. What is the tens digit of i?
9
Suppose 0 = 2093*x - 2100*x + 13020. What is the hundreds digit of x?
8
Suppose v - 220 = k - 6*k, 0 = k + 5*v - 68. Let p = k - 34. What is the units digit of p?
9
Let l(n) = 80*n + 614. What is the tens digit of l(18)?
5
Suppose 3*v = -7*v + 1780. Suppose -6*a + 2*a - 3*r + v = 0, 3*a - 4*r - 121 = 0. What is the units digit of a?
3
Let v(k) = 915*k**2 - 9*k - 10. What is the tens digit of v(-1)?
1
Let m(z) = -z - 15. Let h be m(-15). Suppose 5*f = -4*x + 42, 4*x + 2*f + 0*f - 48 = h. Suppose 5*a - 63 = -x. What is the tens digit of a?
1
Let h = -7079 - -12752. What is the units digit of h?
3
Let c(i) = -8. Let o(f) = f - 16. Let w(t) = -3*t - 3. Let k be w(-2). Let z(x) = k*o(x) - 7*c(x). What is the tens digit of z(5)?
2
Let c be 20/9 + (-40)/180. Suppose 0 = c*k + 4*k - 240. What is the tens digit of k?
4
What is the units digit of ((-9)/18)/(3/(-378))?
3
What is the tens digit of (-5837)/(-39) - (-2)/(-3)?
4
Suppose 0 = -71*f + 69*f + 3608. What is the thousands digit of f?
1
Let c(h) = h**2 + 11*h - 13. Let n be c(-13). Suppose -4*i - n = -21. Suppose z - 135 = -i*z - 3*q, 4 = 2*q. What is the units digit of z?
3
What is the tens digit of (-6 + -4)*((4 - 7) + -421)?
4
Suppose 1078 = 7*o + 4*o. Let a = o + -61. What is the tens digit of a?
3
Let a(u) = 8*u**2 + 11*u - 13. Let g be a(-6). Suppose 3*p - g = 2*x, -5*p + 4*x + 70 + 279 = 0. What is the units digit of p?
9
Let x(t) = -40*t - 52. What is the tens digit of x(-27)?
2
Suppose -m = 4*b + b - 8414, -3*b - m = -5048. What is the units digit of b?
3
Let t be 3/9 + 42/9. Suppose 4*k - 9*k = -t. What is the tens digit of 24 + 1 + k + -1?
2
Let k(p) = 4*p + 64. What is the tens digit of k(7)?
9
Let a = 21 + -15. Let s = -5 + a. What is the units digit of 36 - s/(2/(-4))?
8
Let k be (2/4)/(5/(-10)). What is the units digit of k + 4 + 2*3/(-6)?
2
Let k(b) = b - 4 + 0*b + b + 12. Let q = 19 - 4. What is the units digit of k(q)?
8
What is the thousands digit of (-21)/6*(-18732)/49?
1
Suppose -9*r - 24 = -6*r. Let o(b) = -2*b - 7. Let m be o(r). What is the tens digit of -6*12/m*-4?
3
Let h(a) = -3*a**3 - 26*a**2 + 6*a - 22. Let x be h(-9). What is the units digit of (5 - 5/x)*85/4?
5
Let m = -52 - -72. Let w be 2 + (9 - (-1)/1). Let b = m - w. What is the units digit of b?
8
Suppose -118 = -j - 119. What is the tens digit of (j + (4 - 2))/(4/580)?
4
Suppose 0 = 4*j + x - 594, -317 = -2*j - 4*x - 27. What is the units digit of j?
9
Suppose 0 = -4*j + 2*o - 6*o + 28, j + 3*o - 9 = 0. Suppose x - j = -1. Suppose 0*i = -3*i + 2*d + 122, x*d - 10 = 0. What is the tens digit of i?
4
Let c(r) = 2*r - 9. Let v be (-16)/(-12)*9/2. Let a be c(v). Suppose 4*y - 6 = a*y. What is the units digit of y?
6
Let h(x) = -15*x - 20. Suppose -k + 4 - 9 = 0. What is the tens digit of h(k)?
5
Suppose -2*s + 2*k + 730 = 0, -1492 = -2*s - 2*s - 4*k. What is the units digit of s?
9
Let y(q) = 2*q**2 - q + 3. Let w be y(3). Let i(d) = 3*d + w + 4 - 2*d. What is the units digit of i(-6)?
6
Let l(b) = 7*b**3 + b**2 + 4*b + 2. Let r(q) = q**3 - q**2 - 1. Let p(d) = -l(d) + 5*r(d). What is the tens digit of p(-4)?
4
Let m = 27 - 34. Let l(c) = 3*c**2 + 4*c + 6. What is the hundreds digit of l(m)?
1
What is the units digit of (-148)/((-108)/72*4/3)?
4
Let l be 104/3*9/6. Suppose 3*h = 47 + l. What is the tens digit of h?
3
Let m(p) = p**3 - 20*p**2 + 27*p - 126. What is the units digit of m(19)?
6
Let t = 387 + -96. What is the tens digit of t?
9
Suppose -62*l + 74*l - 7956 = 0. What is the hundreds digit of l?
6
Suppose -17*d = -12*d - 850. Suppose -268 = -2*k + d. What is the hundreds digit of k?
2
Suppose 0 = -y - 4*y + 20, 4*h - 28 = -2*y. Suppose -2*v = -2*t - 26, h*v - 3*t = 3*v + 29. Suppose -7*q = -2*q - v. What is the units digit of q?
2
Let f = -79 + 125. Let q be -4*f/(-12)*6. Suppose -4*s + q = -0*s. What is the tens digit of s?
2
Suppose 10 = -4*g - 90. Let w = g - -124. What is the tens digit of w?
9
Let i(y) = 333*y - 402. What is the thousands digit of i(13)?
3
Let q = -77 + 9. Let i = 9 - q. What is the tens digit of i?
7
Let s(u) = -7*u + 0*u - 2*u**2 - 28*u**3 + 9 - 4*u**2 + 29*u**3. Let b be s(7). Suppose 2*x - b = -x. What is the units digit of x?
3
Suppose 3*r - 249 = -2*l, -4*l - 5*r = -289 - 206. Let d = 59 + l. What is the tens digit of d?
7
Let w = -1584 + 3965. What is the tens digit of w?
8
Let x = -10 - -21. Suppose -p + x = -28. What is the tens digit of p?
3
Let i(h) = -h**2 + 24*h - 22. Let a be i(10). Let q = 379 - a. What is the hundreds digit of q?
2
Let o = -13 + 11. What is the units digit of 63 + (-12)/(-2) + o?
7
Let t be 1/(-4) + 42/8. Suppose -4*n - 6 = -3*g + 4*g, -t*n = -5*g + 20. Let p(a) = a**3 + a**2 - 4*a - 1. What is the units digit of p(n)?
3
Let w(x) = -58*x + 75. What is the tens digit of w(-11)?
1
Let d = 509 - 141. What is the tens digit of d?
6
Let o = -131 + 141. Suppose 6*b = 4*b + 6. Suppose -k + o = b. What is the units digit of k?
7
Let g(j) = -6*j - 13. Let c(y) = 1. Let b(o) = -2*c(o) - g(o). What is the tens digit of b(4)?
3
Let z = 4388 - 2222. What is the tens digit of z?
6
Suppose 15 = -5*a, 4*u - 5*a - 25 = -606. What is the hundreds digit of (-2 - u) + (-4 - -2)?
1
Let p be -2*1 - (-4)/((-4)/5). Let x(l) = -6*l + 4. Let k be x(4). Let n = p - k. What is the units digit of n?
3
Let y(k) = -2*k**2 + 15*k - 14. Let u = -19 - -29. Let t be y(u). Let v = -23 - t. What is the tens digit of v?
4
Let i(d) = -d + 8. Let b be i(4). Suppose 1 = -b*w + m - 1, 3*m - 6 = 3*w. Suppose -8 + 153 = 3*h - 2*p, w = -3*h - 3*p + 150. What is the tens digit of h?
4
What is the hundreds digit of (-31)/248 + (-39442)/(-16)?
4
Let s(p) = -p**3 - 9*p**2 - 9*p - 5. Let h be (-6)/(-4) - 17/2. Let u be s(h). What is the tens digit of 8/u + (-642)/(-10)?
6
Let w(i) = -3*i**2 - 9*i + 1. Let z(o) = o - 1. Let s(m) = -w(m) - 4*z(m). Let r be 2/17 - 689/221. What is the units digit of s(r)?
5
Suppose -3*z = 13*z - 28672. What is the units digit of z?
2
Let w = 11 + -9. Suppose -w*q + 3*q - 20 = 0. Suppose -24*u + 184 = -q*u. What is the tens digit of u?
4
Let j = 5797 + -3323. What is the hundreds digit of j?
4
Suppose 924 + 3508 = 8*z. What is the hundreds digit of z?
5
What is the hundreds digit of ((-1694)/21)/((-4)/66)?
3
Suppose -5*d - 5*q = -15, -5*q = -5*d - 2*q + 23. Suppose -d*c + 191 + 89 = 0. What is the tens digit of c?
7
Let g be (-22)/33 - 2/(-3). Let s(h) = -h + 10. Let x be s(8). Suppose 0*n + x*n - 20 = g. What is the tens digit of n?
1
Let b(z) = -2*z + 3. Let c be b(2). What is the units digit of (-6 + 5)/(c/22)?
2
Suppose 4*x - 139 = 2*g - 1111, 474 = g - 5*x. What is the tens digit of g?
9
Let a = 533 - 89. Suppose 4*r - a = -76. What is the units digit of r?
2
Let z be 2/17 - (-1176)/119. What is the tens digit of (3 - 0) + (-54)/(-4)*z?
3
Suppose 0 = 3*g - 2*c - 2*c - 2610, 7*g - 3*c = 6071. What is the tens digit of g?
6
Suppose -75 = 13*f - 28*f. Suppose f*v - 816 = -v. What is the tens digit of v?
3
Let a(w) = 9*w**2 - 2*w. Let x be a(3). Suppose k = -5*t + x, -3*k + 7*k + 20 = 0. What is the units digit of t?
6
Suppose -m + 17 = -2*b + 4, 4*m - 2*b = 28. Suppose 60 = m*l - 100. What is the units digit of l?
2
Suppose b = -2*b + 300. Suppose 28 = -n + 2*q, 0*q - b = 3*n - 2*q. Let s = 51 + n. What is the units digit of s?
5
Let f be (-94)/(-18) + (-10)/45. Let t = -5 + f. What is the units digit of (1 + -30)*-1 - t?
9
Suppose a + 2*a = 120. Let z = 187 + -184. Suppose -2*p = z*l - a, 5*l + 2*p - 79 = -15. What is the units digit of l?
2
Let z(u) = -3*u**3 + u**2 - u - 1. Let g be z(-1). Suppose 3*o = 2 + g. Suppose 5*q = 22 - o. What is the units digit of q?
4
What is the hundreds digit of (-39)/(-26)*((-1096)/(-3))/4?
1
Let j be (-4 + 1 + 0)*43. Let a = -85 - j. What is the units digit of a?
4
Let u = 4644 + -2346. What is the thousands digit of u?
2
Let x = 2 + 1. Let l be 34/12 - x/(-18). Suppose -2*s + 5 = -v, -3*s + 0*v + 12 = l*v. What is the units digit of s?
3
Let g(f) = 50*f - 61. Let q be g(10). Let x = -121 + q. What is the units digit of x?
8
Suppose 3*c + 4*c - 1925 = 0. Suppose 2*s = 3*d - 36 + 181, d = 4*s - c. What is the units digit of s?
8
Suppose 5*u + 41 = 2*v, 4*v + 5*u - 49 = 4